 11
Let a be (-2)/3 + 136/6. Let v be a + 2 + -1 + -3. List the prime factors of 408/15 - 4/v.
3
Let d = -114 + 233. Suppose -46 = n - 4*i - 156, -n + i + d = 0. List the prime factors of n.
2, 61
Suppose -11754 = -17*c + 7150. What are the prime factors of c?
2, 139
Let c(r) be the first derivative of -9*r**2/2 + 4*r - 1. Let u(m) = m**3 + m**2 + m - 6. Let j be u(0). List the prime factors of c(j).
2, 29
Let b(g) = 4*g**2 + 38*g + 67. What are the prime factors of b(-29)?
17, 137
Let q = -1359 + 1581. List the prime factors of q.
2, 3, 37
Let j(s) = 9*s**3 - s**2 - 4*s + 1. Let d = -110 + 113. List the prime factors of j(d).
223
Suppose 4*x + 57 = 217. Let a = -10 + x. What are the prime factors of a?
2, 3, 5
Let b = -98 + 98. Suppose 3*x = -2*z + 493, b = -0*x - 4*x + 20. List the prime factors of z.
239
Let g(b) = -3*b + 7*b**3 + 9*b**3 + 22*b**2 - 19*b**3 - 8. List the prime factors of g(7).
2, 5
Suppose 9*r = -3 + 48. Let g(p) = -p**3 + 10*p**2 - 7*p + 7. What are the prime factors of g(r)?
97
Let r = -401 + 1017. Suppose -k + r = 3*k. List the prime factors of k.
2, 7, 11
List the prime factors of (6 - 21/6)/(3/42).
5, 7
Let b = -21 - -19. Let q be b/6 - 140/(-15). List the prime factors of ((-2)/(-2))/(q/333).
37
Suppose 0 = t - 4*t - 15, -v = 4*t + 7. What are the prime factors of (-44)/286 - (-652)/v?
2, 5
Let q(y) = -6*y - 2. Let b be q(5). Let s be 176/(-18) + (-2)/9. Let i = s - b. List the prime factors of i.
2, 11
Suppose 5*z - 4*c - 3037 = 0, 5*c - 3055 = -5*z - 0*c. List the prime factors of z.
3, 7, 29
Let s = -65 - -2. Let o = -4 - s. What are the prime factors of o?
59
Let l(i) = 2*i + 3. Let r be l(-6). Let j be 4/(-5)*(207 - 2). What are the prime factors of j/(-16) + r/(-12)?
11
Let l(x) = -4*x**3 + 5*x**2 - 3*x - 7. Let j be l(-3). Suppose 10 = -3*n + 55. Suppose 0 = 5*k - j - n. List the prime factors of k.
2, 17
Let u(j) = j**3 + 6*j**2 - 2*j - 9. Let g(w) = -w**3 + 6*w**2 + 7*w - 6. Let b be g(7). Let l be u(b). Suppose m = l*m - 24. List the prime factors of m.
2, 3
Let s(h) be the first derivative of h**2/2 - 3*h - 5. Let b be s(0). Let z(q) = -17*q + 5. List the prime factors of z(b).
2, 7
Let c(s) = -7 + 5 + 9 - 2*s - 4*s. What are the prime factors of c(-11)?
73
Let n(f) = -f**2 + 31*f + 58. What are the prime factors of n(26)?
2, 47
Let t(f) = -f**3 - 8*f**2 - 6*f - 6. Let m be t(-6). Let r(h) = 7*h**2 - 5*h - 7. Let g be r(-3). Let s = g + m. What are the prime factors of s?
29
Let g be 92/12 - 4/6. Let s(p) = 8*p**2 - p**3 + 9 + 3 - p - 19. What are the prime factors of s(g)?
5, 7
Let b = -443 - -948. List the prime factors of b.
5, 101
Suppose 1 = -3*i - r, -5*i = -4*r - 2 - 19. Let a be (-10 + 1)*(i - 2). Let v = a - -10. List the prime factors of v.
19
Let l = -14 + 12. Let d be 7 + 0/4 + l. Let j = d - -6. List the prime factors of j.
11
What are the prime factors of 11/(143/(-65)) + 2725?
2, 5, 17
Suppose -937 = 12*s - 2785. Let y = s - 91. What are the prime factors of y?
3, 7
Let c(b) = -b - 2*b + 3*b + 44 + b. What are the prime factors of c(0)?
2, 11
Suppose -2*f = 3*u + 3*f - 794, -f - 5 = 0. List the prime factors of u.
3, 7, 13
Suppose 0 = 2*o - 6*o - 24. Let b be (-2)/(-3) - 8/o. What are the prime factors of b + -3 + 22 + 2?
23
Let u = 727 + 428. What are the prime factors of u?
3, 5, 7, 11
Let y(u) = u**2 - 3. Let r be y(4). Let h(m) = m**3 - 15*m**2 - 25*m + 32. Let j be h(17). Suppose -r*k = -8*k - j. List the prime factors of k.
37
Let f be (15/(-9))/(3/(-9)). Let a(v) = -v**2 + 7*v - 2. List the prime factors of a(f).
2
List the prime factors of 1/(-7) - 0 - (-161190)/105.
5, 307
Let j(f) = 8*f - 99. List the prime factors of j(17).
37
Let y = 11 - 11. Let w(o) = 4*o**2 - 4*o - 1. Let p be w(2). Suppose 3*r - p*r + 12 = y. What are the prime factors of r?
3
Suppose 3*j = 5*v - 3, 0 = -0*v + 4*v - 4*j + 4. Let k(u) = -21*u + 2 - 7*u - v*u + 6*u. What are the prime factors of k(-1)?
3
Let u be ((-18)/(-15))/((84/320)/7). Suppose -225 = 29*s - u*s. List the prime factors of s.
3, 5
Let d(f) = 3*f - 6. Let k be d(3). Suppose 2*w - 437 = -k*q, -5*q + 729 = 6*w - 2*w. What are the prime factors of q?
5, 29
Suppose -3*g - g - 8 = -2*s, 0 = 3*s - 4*g - 10. Suppose s*q - 3*n = 100, 3*n = 5*q + 8*n - 200. List the prime factors of q.
2, 11
Let f = 2608 - 298. List the prime factors of f.
2, 3, 5, 7, 11
Suppose -2*x - 6455 = -3*l, 0 = -5*l + 2*x - 1352 + 12117. What are the prime factors of l?
5, 431
Let q = 24 + -22. Suppose -i - q*i + h + 381 = 0, -4*i - h = -515. List the prime factors of i.
2
Suppose -31*s + 26*s + 4*b + 533 = 0, -b = -3*s + 317. What are the prime factors of s?
3, 5, 7
Suppose 7*t + 1000 = 9*t. What are the prime factors of t?
2, 5
Let a = 12 - -35. Let g = a - -169. List the prime factors of g.
2, 3
Let j = 10669 - 7611. What are the prime factors of j?
2, 11, 139
Let v = 568 + -6. What are the prime factors of v?
2, 281
Let c = 21 - 18. Suppose -11 = -c*f + 208. Let s = f + -27. What are the prime factors of s?
2, 23
Let s be (2/5)/(5/(-25)). Let a be (-2)/3*(-1 + s). Suppose -5*b = 5*n - 60, 7*b - a*b - 5*n - 80 = 0. What are the prime factors of b?
2, 7
Let u(i) = -i**3 + 11*i**2 + 11*i + 14. Let d be u(12). Suppose -5 - 7 = -d*m. What are the prime factors of m?
2, 3
Suppose -v - 225 = 5*g, 7*g = 4*g - 5*v - 135. Let m = 48 + g. What are the prime factors of m?
3
Suppose -y - 2940 = -5*y + 3*w, y - 3*w - 744 = 0. What are the prime factors of y?
2, 3, 61
Let x(b) = b**2 + 12*b + 25. Let a(k) = -2*k + 3. Let g be a(8). List the prime factors of x(g).
2, 19
List the prime factors of (-15)/(-45) + 55866/18.
2, 97
Let i(n) = n + 10. Let s be i(8). Let k be (-4)/s + (-4)/(-18). Suppose 0 = v, -p + 6*p - 2*v - 10 = k. What are the prime factors of p?
2
Suppose 0 = -84*r + 85*r - 200. List the prime factors of r.
2, 5
Suppose -2*o - 4*h = -5350, 2*h - 12 = -18. List the prime factors of o.
7, 383
Let n be (-55 + -1)*(-5)/((-105)/(-54)). Suppose -11*y + 9*y = -n. What are the prime factors of y?
2, 3
Let s(t) = 2 - t**2 - 19*t + 0 - 24*t + 29*t. List the prime factors of s(-12).
2, 13
Suppose 7820 = 4*o - 4*h, h - 1935 = -o + 6*h. What are the prime factors of o?
2, 5, 7
Let c(j) = 2*j**2 + 19 - 12*j**2 - j**3 - j - 1 - 9. List the prime factors of c(-11).
3, 47
What are the prime factors of (-4036)/(-5) + (-234)/45 + 6?
2, 101
Let n be (-5)/(30/(-32)) - 4/12. Suppose 0 = 3*q + 2*q + n*p - 580, 0 = -2*p + 4. What are the prime factors of q?
2, 3, 19
Let d(o) = -6 + 2*o + 4*o - 5*o + 3*o. List the prime factors of d(5).
2, 7
Let s be 22*3 - (5 - 2). Suppose -4*h - 3*r + 285 = 0, -346 = -4*h - 5*r - s. Suppose 2*z = -z + h. List the prime factors of z.
2, 3
Suppose 2*q - 5*r = 29, 18 = -2*q - 5*r - 3. Let s be -3 + q - 2 - -5. Suppose s*d = -3*y + 4*d + 21, 12 = 3*y + d. List the prime factors of y.
5
Let t = -3 - -3. Suppose 0 = -g - t + 77. List the prime factors of g.
7, 11
Suppose -4*n - 112 = -8*n. Let p = 16 - n. Let w = p - -15. List the prime factors of w.
3
Suppose 12*a - 2457 = 723. What are the prime factors of a?
5, 53
Let m(g) = -g**3 + 3*g**2 - 3*g. Let l be m(3). Let z(v) = -v + 2 + 0 - 9*v**2 + 138*v**3 - 139*v**3. What are the prime factors of z(l)?
11
Suppose k + 3*k - 11640 = 2*s, 8733 = 3*k - 3*s. List the prime factors of k.
2909
Let w(x) = 14*x - 118. What are the prime factors of w(14)?
2, 3, 13
Suppose -3*c - 15 = -6*c. Suppose -2*s = c*s - 357. What are the prime factors of s?
3, 17
Let j(h) = -3*h - 12. Let d be j(-8). Let a be (-39)/15 + d/(-30). What are the prime factors of 1 + 9/a - -14?
2, 3
Suppose 2*v = 4*v + 60. Let d be v*3/(45/(-6)). Let u = d + -4. List the prime factors of u.
2
Let v(j) be the second derivative of -3*j**5/20 + j**4/12 + 4*j**3/3 + 3*j**2/2 + 38*j. List the prime factors of v(-2).
3, 5
Suppose 2*z + 34 = 88. Suppose 25*c - z*c + 114 = 0. List the prime factors of c.
3, 19
What are the prime factors of (-304)/(-12)*(116/8 - 1)?
2, 3, 19
Let n(t) be the first derivative of -3*t**4/4 - 5*t**3/3 - 3*t**2/2 - t + 1. Suppose 2*i + 11 = 5*y, 2*i + 4*y = 4*i + 10. What are the prime factors of n(i)?
2, 11
Let z = -41 - -44. List the prime factors of ((-10)/(-4)*z)/(2/20).
3, 5
Let x = 1467 + -694. What are the prime factors of x?
773
